Calculate the remainder when 33 is divided by s.
9
Let c(t) = -t**3 + t**2 - 3*t - 3. Let o be c(-5). Suppose 17*m = 15*m + o. What is the remainder when m is divided by 21?
18
Suppose -r - 4*n = -7*n - 26, -4*n - 83 = -3*r. What is the remainder when 57 is divided by r?
28
Let z(m) = -m**2 - 8*m + 11. What is the remainder when z(-7) is divided by 12?
6
Suppose 0*o + 2*o = -m + 23, 2*o - 4*m - 28 = 0. What is the remainder when 22 is divided by o?
10
Let g(o) = o**3 + 8*o**2 + 7*o - 1. What is the remainder when g(-5) is divided by 20?
19
Let d = 124 - 86. Let k(y) = y**2 + 4. What is the remainder when d is divided by k(3)?
12
Suppose -9*s + 270 = s. Let j = 42 + -28. Calculate the remainder when s is divided by j.
13
Let i(l) = 2*l**3 + 13*l**2 - 12*l - 17. Calculate the remainder when i(-7) is divided by 4.
2
Suppose -5*c + 3*c = -36. Calculate the remainder when c is divided by 5.
3
Let n(r) = -r**3 - r**2 + 2. Let h be n(-3). Let x = -1 + 5. Suppose -4*v + 4*j + h = 0, 8*j = -5*v + x*j + 70. Calculate the remainder when v is divided by 6.
4
Let s be (2 + -1)*4*1. Let z(m) = 2*m. Let j be z(1). Suppose -s*r - j = -66. What is the remainder when 46 is divided by r?
14
Let f be (-4)/(-2) + -1 - 3. Let z be 0*(-1 + f/(-4)). Suppose 2*a + 3*a - 65 = z. Calculate the remainder when a is divided by 7.
6
Let k = 81 - 41. Calculate the remainder when k is divided by 11.
7
Let w be 8/(-28) - (-338)/7. Let b = 7 + w. What is the remainder when b is divided by 14?
13
Let x(c) = c - 1. Let v be x(1). Suppose v = -5*z - 46 + 6. What is the remainder when (-20)/(-9) + z/36 is divided by 1?
0
What is the remainder when 19 is divided by 16/14*112/32?
3
Let z = 0 + 3. What is the remainder when 8 is divided by z?
2
Suppose 0 = 3*v - 4*b - 15, 8*v - 3*v + b - 25 = 0. Suppose -y + 5*n = -9, 4 = v*y + 3*n - 13. Calculate the remainder when 15 is divided by y.
3
Let a = 67 - 37. What is the remainder when a is divided by 14?
2
Suppose 0 = -5*b + 299 + 191. Calculate the remainder when b is divided by 11.
10
Let p(r) = 55*r**3 + 1. What is the remainder when p(1) is divided by 30?
26
Suppose 0 = 3*b + 2*q - 30, -5*b = -q + 14 - 77. Calculate the remainder when 32 is divided by b.
8
Let t = -5 - 9. Let m = t + 43. Calculate the remainder when m is divided by 10.
9
Let n = -992 + 366. What is the remainder when (-2)/(-9) - n/18 is divided by 9?
8
Let x be (-30)/(-5) - (1 - 0). Suppose 4*g - 17 + x = 0. Suppose 8 = 5*c - 27. Calculate the remainder when c is divided by g.
1
Suppose 4*s = s + 195. Suppose -5*o + 2*o + 66 = 0. Calculate the remainder when s is divided by o.
21
Suppose 0 = -5*w + 83 + 57. Let r = w - -41. Suppose -2*q - q + 54 = 0. What is the remainder when r is divided by q?
15
Let a be (-4)/(-5)*20/2. Let z(m) = -7*m - 6. Let h(s) = -s - 1. Let p(x) = 3*h(x) - z(x). What is the remainder when p(a) is divided by 12?
11
Let n(j) = -5*j + 1. Let a be n(-3). Suppose -w + a = 2*f, f + 19 = w - 0*f. What is the remainder when 69 is divided by w?
15
Let i(d) = 7*d**3 - d + 1. Let y be i(2). Suppose -5*u + 13 = x, 3*x - y + 16 = -5*u. Calculate the remainder when 25 is divided by x.
12
Suppose -2*w - 4*l = -12 - 10, -3*w + 53 = l. Let o = w + -14. What is the remainder when 9 is divided by o?
4
Let r be (-4)/4*(0 + -2). Suppose -a + 27 = 2*k, 3*a - 77 = r*k - 6*k. What is the remainder when 67 is divided by a?
21
Let z be (68/(-2))/(-5 - -3). Let h = z + -10. Suppose 5*j - q = 56, 0 = -j + 4*q - 2 - 2. What is the remainder when j is divided by h?
5
Let p(l) = -l + 31. Calculate the remainder when 36 is divided by p(12).
17
Suppose -4*q + 15 = -9. Suppose a = q*a - 40. What is the remainder when a is divided by 5?
3
Suppose 3*m = 9 - 0. Suppose -5*u = a + 107, 5*u - 208 = -3*a - 549. What is the remainder when 38 is divided by (2/m)/((-6)/a)?
12
Let l(h) be the first derivative of -h**2/2 + 9*h - 5. Calculate the remainder when l(-5) is divided by 5.
4
Suppose 18 = 4*a - 30. What is the remainder when 27 is divided by ((-42)/a)/(1/(-2))?
6
Let a(m) = m**2 - 6*m + 4. Let n be a(6). Suppose -4*v - 2*b = -5*b + 64, 0 = -2*v - n*b - 54. Let c = -9 - v. Calculate the remainder when 17 is divided by c.
7
Let l = 469 - 699. What is the remainder when 67 is divided by ((-2)/(-2))/((-10)/l)?
21
Let x(f) = -f**3 - 2*f**2 + 3*f + 5. Let a = -7 - -3. Suppose 0*u - 3*u + 2*l = -43, 2*u = -4*l + 18. What is the remainder when x(a) is divided by u?
12
Let u = -1 - -2. Let p(k) = 4*k**3 - 1. Suppose -a - 5*j = -2*a - 8, -2*j = -a + 1. Calculate the remainder when a is divided by p(u).
1
Suppose -4*r - 12 = 2*h, -11 = -4*r - r + 4*h. Let z = r - -4. Suppose z*d - 24 = 2*d. Calculate the remainder when d is divided by 13.
11
Suppose 4*t - 6 = 2. Let l be (-2)/(2 - 12/5). Suppose q - 3*k = 6, -2*q + 12 = l*k - t*k. Calculate the remainder when 10 is divided by q.
4
Suppose x = 2*x + 9. Suppose s - t = -0 - 2, 0 = s - 3*t + 10. Let d = s - x. Calculate the remainder when d is divided by 4.
3
Let h be 36/(-10)*(-30)/9. Let b be -5*(h/(-10) - 0). Calculate the remainder when 4/b + (-16)/(-12) is divided by 1.
0
Let w(j) = 5*j**2 + 4*j + 3. Let d be w(-3). Suppose 99 - d = 3*r. Suppose 2*k = s - 52, -3*s + 211 = 6*k - k. Calculate the remainder when s is divided by r.
20
Let j(n) = -n**3 + 4*n**2 - 3*n + 3. Let h be j(3). Suppose -4*v = h*x - 2, -5*v + 4 = -3*x - 12. What is the remainder when 29 is divided by (-40)/(-5) + v*1?
9
Suppose -3*h - k = 0, 5*h + 9*k = 4*k. Suppose -f + 2*f - 28 = h. What is the remainder when f is divided by 15?
13
Let t = -87 - -261. Calculate the remainder when t is divided by 11.
9
Suppose 16 + 51 = 2*d - 3*k, -5*d + 3*k = -181. Let t = -20 + d. What is the remainder when 52 is divided by t?
16
Let q be (3/2)/(15/20). Suppose 4*p - q - 2 = 0. What is the remainder when 18 - (p - (2 + 1)) is divided by 11?
9
Suppose 3*v + 1 = 4*v, 0 = -2*k - 5*v + 139. Let h = 1 - -22. What is the remainder when k is divided by h?
21
Suppose -s - 10 = -6*s. Suppose f + s*f + 2*w = 85, 3*w = 4*f - 136. Calculate the remainder when f is divided by (-194)/(-18) + 6/27.
9
Suppose -8 + 2 = -j. Calculate the remainder when j is divided by ((-3)/2)/(1/(-2)).
0
Let i = 7 - -19. Calculate the remainder when i is divided by 9.
8
Suppose 0 = -4*j - 3*h - 40, 2*j - 4*h + 0 = 2. Let b(f) = f**3 + 6*f**2 - 10*f - 7. Calculate the remainder when 39 is divided by b(j).
11
Let x(g) = 2*g**2 + 6*g - 11. What is the remainder when x(-8) is divided by 12?
9
Let n be 6/(-12)*(1 + -1). Suppose n = g - 0*g. Suppose 15 = -g*q + 5*q, -2*l - 5*q = -29. Calculate the remainder when 12 is divided by l.
5
Let o be 0 + 1 - (-7 + 2). Calculate the remainder when o/(-8) + (-118)/(-8) is divided by 8.
6
Suppose -25 - 18 = -5*k - s, -2*s = -2*k + 22. Calculate the remainder when 17 is divided by k.
8
Suppose 3*o - 30 = -2*o. Calculate the remainder when 8/(-6) - -2 - 98/(-6) is divided by o.
5
Suppose -27 = 5*f - 82. Let v(n) be the second derivative of -7*n**3/2 - n**2/2 - n. Calculate the remainder when v(-1) is divided by f.
9
Let i = 19 - -40. Calculate the remainder when i is divided by 16.
11
Let q be (-2)/(-2)*(2 - 0). Suppose -q*y = -y + 50. Let w = -18 - y. What is the remainder when w is divided by 11?
10
Let n(h) = 2*h**3 - 5*h**2 + 3*h + 2. Calculate the remainder when 38 is divided by n(3).
18
Let l(b) = -b**3 - 2*b**2 + 4*b - 5. Suppose -4*q - 3*g - 16 = 0, -2*g = 3*q + 2*q + 20. What is the remainder when (8 + 0)*20/8 is divided by l(q)?
9
Let v = -50 - -64. Calculate the remainder when 18 is divided by v.
4
Suppose 77 + 15 = 2*n. Let a = 45 - 21. Calculate the remainder when n is divided by a.
22
Suppose 4*p - 10 = 3*b, -p + 8 = p. Suppose -o = -2*w + 25, -4*w - b*o = -23 - 7. What is the remainder when 39 is divided by w?
9
Suppose -4*z + 4 = -108. Suppose -5*v + 14 = -n - 0*v, 2 = -3*n + 5*v. Let x(f) = f**2 - 5*f + 9. What is the remainder when z is divided by x(n)?
13
Suppose 4*b + 2*m = m - 156, -b + 4*m - 22 = 0. Let v = b + 76. Calculate the remainder when v is divided by 10.
8
What is the remainder when 237 is divided by 114/(-95)*100/(-6)?
17
Let u = -58 - -88. What is the remainder when 87 is divided by u?
27
Suppose 0 = 5*c + 2 - 147. Calculate the remainder when 1